the highest common factor of 7 and 267015.
7
Calculate the greatest common factor of 153 and 46002.
51
Calculate the greatest common factor of 139 and 609376.
139
What is the highest common factor of 18 and 151722?
18
What is the greatest common factor of 510 and 290?
10
What is the greatest common divisor of 1350 and 35655?
15
Calculate the greatest common factor of 315 and 7335.
45
Calculate the highest common divisor of 40586 and 78.
26
Calculate the highest common factor of 20306 and 19877.
143
Calculate the greatest common divisor of 1024 and 688.
16
What is the highest common divisor of 1785222 and 1476?
738
What is the highest common divisor of 12221 and 1212?
101
What is the highest common factor of 222623 and 38?
19
What is the highest common factor of 10 and 53785?
5
What is the greatest common divisor of 12726 and 2142?
126
What is the highest common factor of 29 and 669349?
29
What is the greatest common divisor of 36751 and 572?
143
Calculate the greatest common divisor of 3398 and 46.
2
What is the highest common factor of 939379 and 1862?
931
What is the greatest common divisor of 6825 and 8850?
75
What is the greatest common factor of 4797 and 351?
117
What is the highest common divisor of 1568 and 29351?
49
What is the greatest common factor of 624 and 124332?
156
Calculate the greatest common divisor of 32851 and 17108.
91
What is the greatest common factor of 7736562 and 1044?
522
Calculate the highest common divisor of 531511 and 134.
67
Calculate the highest common divisor of 1820 and 644.
28
What is the highest common divisor of 20322 and 36?
18
Calculate the highest common factor of 92264 and 874.
38
Calculate the highest common divisor of 23 and 1524923.
23
Calculate the greatest common factor of 131954 and 306.
34
What is the greatest common factor of 2282810 and 10?
10
Calculate the highest common factor of 1557 and 9.
9
What is the highest common divisor of 44178 and 3219?
111
Calculate the highest common divisor of 326 and 1616960.
326
Calculate the greatest common divisor of 171 and 2193.
3
Calculate the greatest common divisor of 6 and 2435292.
6
What is the highest common factor of 11200 and 352320?
320
What is the highest common factor of 126 and 42561?
9
What is the greatest common divisor of 175 and 87775?
25
What is the highest common factor of 371621 and 19?
19
Calculate the highest common factor of 175167 and 18.
9
What is the greatest common factor of 2121996 and 779?
779
Calculate the highest common divisor of 29375 and 329.
47
Calculate the highest common divisor of 136206 and 12173.
329
What is the greatest common divisor of 2024 and 136367?
253
What is the greatest common factor of 49225 and 716?
179
Calculate the highest common divisor of 598806 and 4914.
702
What is the highest common factor of 28 and 347151?
7
Calculate the highest common factor of 15562 and 186.
62
Calculate the greatest common factor of 1606 and 2983145.
803
Calculate the highest common divisor of 60496 and 85172.
796
Calculate the highest common factor of 72 and 39033.
9
Calculate the greatest common factor of 2137937 and 51.
17
Calculate the greatest common divisor of 43835 and 54196.
797
Calculate the greatest common factor of 284 and 1772.
4
Calculate the greatest common divisor of 537180 and 160.
20
What is the greatest common factor of 146 and 1739371?
73
Calculate the highest common factor of 3093609 and 153.
51
Calculate the highest common factor of 2737 and 4403.
119
Calculate the greatest common factor of 2960 and 97976.
296
Calculate the highest common divisor of 15824 and 279328.
688
What is the highest common factor of 11250 and 660?
30
What is the highest common divisor of 78 and 6143436?
78
Calculate the highest common factor of 610 and 14823.
61
Calculate the greatest common factor of 1134548 and 12.
4
What is the highest common factor of 872 and 439052?
436
What is the greatest common divisor of 792 and 1397?
11
Calculate the greatest common factor of 68964 and 18.
6
Calculate the highest common factor of 18 and 27774.
18
What is the highest common divisor of 40 and 22032?
8
What is the greatest common factor of 26622 and 16182?
522
What is the greatest common factor of 2510 and 20?
10
What is the greatest common factor of 90301 and 146?
73
Calculate the greatest common divisor of 31717 and 483.
161
Calculate the greatest common divisor of 3408318 and 486.
486
Calculate the greatest common divisor of 52 and 87984.
52
Calculate the highest common divisor of 520 and 7160.
40
Calculate the highest common factor of 558 and 23684.
62
Calculate the highest common factor of 204650 and 100.
50
Calculate the greatest common factor of 45 and 2358.
9
Calculate the greatest common factor of 551 and 8645.
19
Calculate the highest common factor of 108766 and 153.
17
Calculate the greatest common factor of 260 and 575315.
65
Calculate the highest common divisor of 2547 and 225.
9
What is the highest common factor of 799 and 1292?
17
What is the highest common factor of 220 and 2380?
20
Calculate the highest common divisor of 1170 and 33618.
78
Calculate the highest common divisor of 2064 and 457344.
48
Calculate the highest common divisor of 16940 and 2200.
220
Calculate the highest common factor of 1650 and 84.
6
What is the greatest common divisor of 697328 and 1312?
656
Calculate the greatest common factor of 184632 and 16.
8
What is the greatest common divisor of 18585 and 12915?
315
Calculate the highest common factor of 3 and 128704.
1
Calculate the greatest common divisor of 8774 and 10004.
82
Calculate the greatest common factor of 2383709 and 283.
283
What is the greatest common factor of 48 and 48423?
3
What is the greatest common factor of 9 and 63117?
9
Calculate the greatest common divisor of 28612 and 276.
92
What is the greatest common divisor of 11840 and 464?
16
What is the highest common divisor of 195 and 3042?
39
Calculate the greatest common divisor of 24105 and 45.
15
What is the greatest common divisor of 318 and 2088?
6
What is the highest common factor of 84 and 24801?
21
Calculate the greatest common factor of 6 and 6914.
2
What is the greatest common factor of 19434 and 34194?
246
Calculate the highest common divisor of 121 and 52217.
11
Calculate the highest common factor of 6 and 13658.
2
Calculate the greatest common factor of 1884 and 372.
12
What is the highest common factor of 72 and 349992?
72
Calculate the highest common divisor of 6864 and 307824.
528
Calculate the highest common divisor of 2208 and 4347.
69
Calculate the highest common factor of 1737099 and 189.
189
What is the highest common factor of 135 and 55242?
27
What is the highest common divisor of 15184 and 26?
26
What is the highest common factor of 9132 and 24?
12
Calculate the greatest common divisor of 136 and 55471.
17
Calculate the highest common divisor of 5380 and 4364525.
1345
Calculate the greatest common factor of 64 and 1252.
4
What is the highest common divisor of 495 and 21395?
55
What is the greatest common divisor of 22543038 and 854?
854
What is the greatest common factor of 12299 and 8281?
49
Calculate the greatest common divisor of 7784 and 2744.
56
What is the highest common divisor of 742 and 4158?
14
Calculate the greatest common factor of 3655 and 105315.
85
Calculate the greatest common divisor of 73610 and 340.
170
Calculate the highest common factor of 376 and 68504.
8
Calculate the greatest common factor of 204295 and 770.
35
What is the greatest common factor of 24689 and 91?
7
What is the greatest common factor of 24 and 733948?
4
Calculate the highest common divisor of 100 and 1543050.
50
What is the greatest common factor of 54579 and 36708?
483
Calculate the highest common factor of 805 and 13041.
161
What is the greatest common factor of 5012 and 156?
4
What is the greatest common divisor of 14456 and 156?
52
Calculate the highest common divisor of 1387 and 57.
19
Calculate the greatest common factor of 78 and 231.
3
Calculate the highest common divisor of 58 and 843349.
29
Calculate the highest common factor of 160 and 7821.
1
What is the highest common divisor of 103 and 63139?
103
Calculate the greatest common divisor of 596 and 515838.
298
What is the highest common divisor of 380 and 379810